{"id":11991,"date":"2024-07-13T11:01:07","date_gmt":"2024-07-13T11:01:07","guid":{"rendered":"https:\/\/fernwerkfilms.ch\/?post_type=haru_video&#038;p=11991"},"modified":"2024-11-04T09:13:02","modified_gmt":"2024-11-04T09:13:02","slug":"2019-ig-du-u-de-parki-film-project","status":"publish","type":"haru_video","link":"https:\/\/fernwerkfilms.ch\/?haru_video=2019-ig-du-u-de-parki-film-project","title":{"rendered":"Ig du u de Parki"},"content":{"rendered":"\n<h2 class=\"wp-block-heading\">Leben mit Parkinson<\/h2>\n\n\n\n<p><strong>Im Kurzfilm \u00abIg, du und de Parki\u00bb zeigen Ruedi und Silvia die verschiedenen Gesichter der Parkinson-Erkrankung. Der Film soll Parkinson-Betroffene und Angeh\u00f6rige im Umgang mit der Erkrankung unterst\u00fctzen und sie ermutigen, \u00fcber Ihre Situation zu sprechen. Und das Umfeld soll f\u00fcr die unterschiedlichen Aspekte der Erkrankung im t\u00e4glichen Leben sensibilisiert werden.<\/strong><br><br>Silvia und Ruedi haben beide Parkinson. Wie sie und ihr Umfeld mit der Erkrankung umgehen, erz\u00e4hlen Sie im Film \u00abIg, du und de Parki\u00bb. Die Filmemacherin Bettina Rotzetter von der Fernwerk GmbH und Dr. med. Ines Debove vom Zentrum f\u00fcr Bewegungsst\u00f6rungen am Inselspital haben die beiden Protagonisten einen Tag lang begleitet. Der daraus entstandene Kurzfilm wurde an der Parkinson-Informationstagung vom 14. Oktober erstmals \u00f6ffentlich aufgef\u00fchrt und hat die Besucherinnen und Besucher im voll besetzten H\u00f6rsaal Ettore Rossi sichtlich ber\u00fchrt. Eindr\u00fccklich zeigt er, wie die beiden Parkinson-Betroffenen und ihr Umfeld mit der Erkrankung umgehen und wie unterschiedlich das Umfeld auf ihre Situation reagiert. \u00dcbersetzt in mehr als 20 Sprachen soll er nun viele Betroffene \u00fcber die Sprachgrenzen hinaus ermutigen, \u00fcber Ihre Krankheit zu sprechen.<\/p>\n","protected":false},"featured_media":11987,"comment_status":"closed","ping_status":"closed","template":"","video_category":[188],"video_genre":[],"video_tag":[],"video_label":[],"video_year":[],"class_list":["post-11991","haru_video","type-haru_video","status-publish","has-post-thumbnail","hentry","video_category-featured"],"_links":{"self":[{"href":"https:\/\/fernwerkfilms.ch\/index.php?rest_route=\/wp\/v2\/haru_video\/11991","targetHints":{"allow":["GET"]}}],"collection":[{"href":"https:\/\/fernwerkfilms.ch\/index.php?rest_route=\/wp\/v2\/haru_video"}],"about":[{"href":"https:\/\/fernwerkfilms.ch\/index.php?rest_route=\/wp\/v2\/types\/haru_video"}],"replies":[{"embeddable":true,"href":"https:\/\/fernwerkfilms.ch\/index.php?rest_route=%2Fwp%2Fv2%2Fcomments&post=11991"}],"wp:featuredmedia":[{"embeddable":true,"href":"https:\/\/fernwerkfilms.ch\/index.php?rest_route=\/wp\/v2\/media\/11987"}],"wp:attachment":[{"href":"https:\/\/fernwerkfilms.ch\/index.php?rest_route=%2Fwp%2Fv2%2Fmedia&parent=11991"}],"wp:term":[{"taxonomy":"video_category","embeddable":true,"href":"https:\/\/fernwerkfilms.ch\/index.php?rest_route=%2Fwp%2Fv2%2Fvideo_category&post=11991"},{"taxonomy":"video_genre","embeddable":true,"href":"https:\/\/fernwerkfilms.ch\/index.php?rest_route=%2Fwp%2Fv2%2Fvideo_genre&post=11991"},{"taxonomy":"video_tag","embeddable":true,"href":"https:\/\/fernwerkfilms.ch\/index.php?rest_route=%2Fwp%2Fv2%2Fvideo_tag&post=11991"},{"taxonomy":"video_label","embeddable":true,"href":"https:\/\/fernwerkfilms.ch\/index.php?rest_route=%2Fwp%2Fv2%2Fvideo_label&post=11991"},{"taxonomy":"video_year","embeddable":true,"href":"https:\/\/fernwerkfilms.ch\/index.php?rest_route=%2Fwp%2Fv2%2Fvideo_year&post=11991"}],"curies":[{"name":"wp","href":"https:\/\/api.w.org\/{rel}","templated":true}]}}

<h2 class="wp-block-heading">Leben mit Parkinson</h2>



<p><strong>Im Kurzfilm «Ig, du und de Parki» zeigen Ruedi und Silvia die verschiedenen Gesichter der Parkinson-Erkrankung. Der Film soll Parkinson-Betroffene und Angehörige im Umgang mit der Erkrankung unterstützen und sie ermutigen, über Ihre Situation zu sprechen. Und das Umfeld soll für die unterschiedlichen Aspekte der Erkrankung im täglichen Leben sensibilisiert werden.</strong><br><br>Silvia und Ruedi haben beide Parkinson. Wie sie und ihr Umfeld mit der Erkrankung umgehen, erzählen Sie im Film «Ig, du und de Parki». Die Filmemacherin Bettina Rotzetter von der Fernwerk GmbH und Dr. med. Ines Debove vom Zentrum für Bewegungsstörungen am Inselspital haben die beiden Protagonisten einen Tag lang begleitet. Der daraus entstandene Kurzfilm wurde an der Parkinson-Informationstagung vom 14. Oktober erstmals öffentlich aufgeführt und hat die Besucherinnen und Besucher im voll besetzten Hörsaal Ettore Rossi sichtlich berührt. Eindrücklich zeigt er, wie die beiden Parkinson-Betroffenen und ihr Umfeld mit der Erkrankung umgehen und wie unterschiedlich das Umfeld auf ihre Situation reagiert. Übersetzt in mehr als 20 Sprachen soll er nun viele Betroffene über die Sprachgrenzen hinaus ermutigen, über Ihre Krankheit zu sprechen.</p>
